{"id":14,"date":"2025-11-21T20:11:25","date_gmt":"2025-11-21T20:11:25","guid":{"rendered":"http:\/\/coldcuts.fr\/?page_id=14"},"modified":"2026-02-06T07:59:19","modified_gmt":"2026-02-06T07:59:19","slug":"les-mediations","status":"publish","type":"page","link":"https:\/\/coldcuts.fr\/?page_id=14","title":{"rendered":"P\u00e9dagogie"},"content":{"rendered":"\t\t<div data-elementor-type=\"wp-page\" data-elementor-id=\"14\" class=\"elementor elementor-14\">\n\t\t\t\t<div class=\"elementor-element elementor-element-95a187c e-flex e-con-boxed e-con e-parent\" data-id=\"95a187c\" data-element_type=\"container\">\n\t\t\t\t\t<div class=\"e-con-inner\">\n\t\t\t\t<div class=\"elementor-element elementor-element-6b56d4a elementor-widget elementor-widget-heading\" data-id=\"6b56d4a\" data-element_type=\"widget\" data-widget_type=\"heading.default\">\n\t\t\t\t\t<h3 class=\"elementor-heading-title elementor-size-default\">Repr\u00e9senter | Questionner | Pr\u00e9venir<\/h3>\t\t\t\t<\/div>\n\t\t\t\t\t<\/div>\n\t\t\t\t<\/div>\n\t\t<div class=\"elementor-element elementor-element-9bd8150 e-flex e-con-boxed e-con e-parent\" data-id=\"9bd8150\" data-element_type=\"container\">\n\t\t\t\t\t<div class=\"e-con-inner\">\n\t\t\t\t<div class=\"elementor-element elementor-element-d2ef509 elementor-widget elementor-widget-spacer\" data-id=\"d2ef509\" data-element_type=\"widget\" data-widget_type=\"spacer.default\">\n\t\t\t\t\t\t\t<div class=\"elementor-spacer\">\n\t\t\t<div class=\"elementor-spacer-inner\"><\/div>\n\t\t<\/div>\n\t\t\t\t\t\t<\/div>\n\t\t\t\t\t<\/div>\n\t\t\t\t<\/div>\n\t\t<div class=\"elementor-element elementor-element-b677c0a e-flex e-con-boxed e-con e-parent\" data-id=\"b677c0a\" data-element_type=\"container\">\n\t\t\t\t\t<div class=\"e-con-inner\">\n\t\t\t\t<div class=\"elementor-element elementor-element-b96da25 elementor-widget elementor-widget-heading\" data-id=\"b96da25\" data-element_type=\"widget\" data-widget_type=\"heading.default\">\n\t\t\t\t\t<h5 class=\"elementor-heading-title elementor-size-default\">OBJECTIFS<\/h5>\t\t\t\t<\/div>\n\t\t\t\t\t<\/div>\n\t\t\t\t<\/div>\n\t\t<div class=\"elementor-element elementor-element-66f4379 e-flex e-con-boxed e-con e-parent\" data-id=\"66f4379\" data-element_type=\"container\">\n\t\t\t\t\t<div class=\"e-con-inner\">\n\t\t\t\t<div class=\"elementor-element elementor-element-21a4a61 elementor-widget elementor-widget-text-editor\" data-id=\"21a4a61\" data-element_type=\"widget\" data-widget_type=\"text-editor.default\">\n\t\t\t\t\t\t\t\t\t<p class=\"p1\">&#8211; Proposer un spectacle avec une approche originale : l\u2019\u00e9criture d\u2019une suite qui n\u2019existait pas et le REJEU de certaines r\u00e9pliques de la pi\u00e8ce, comme outil de m\u00e9diation d\u2019un grave probl\u00e8me soci\u00e9tal, les violences intra-familiales.<\/p><p class=\"p1\">&#8211; Envisager le th\u00e9\u00e2tre comme un outil de sensibilisation<\/p><p class=\"p1\">&#8211; Croiser plusieurs publics scolaires : les \u00e9l\u00e8ves sp\u00e9cialit\u00e9 th\u00e9\u00e2tre, les \u00e9l\u00e8ves de STSS, les \u00e9l\u00e8ves d\u2019option droit, etc.<\/p><p class=\"p1\">&#8211; Travail d\u2019accompagnement en amont et en aval de la r\u00e9pr\u00e9sentation (rencontres, discussions, ateliers de jeu et d\u2019\u00e9criture, etc)<\/p>\t\t\t\t\t\t\t\t<\/div>\n\t\t\t\t\t<\/div>\n\t\t\t\t<\/div>\n\t\t<div class=\"elementor-element elementor-element-dfe12da e-flex e-con-boxed e-con e-parent\" data-id=\"dfe12da\" data-element_type=\"container\">\n\t\t\t\t\t<div class=\"e-con-inner\">\n\t\t\t\t<div class=\"elementor-element elementor-element-f395454 elementor-align-center elementor-widget elementor-widget-button\" data-id=\"f395454\" data-element_type=\"widget\" data-widget_type=\"button.default\">\n\t\t\t\t\t\t\t\t\t\t<a class=\"elementor-button elementor-button-link elementor-size-sm elementor-animation-grow\" href=\"https:\/\/www.ac-toulouse.fr\/theatre-debat-la-piece-cold-cuts-au-lycee-toulouse-lautrec-de-toulouse-132229\" target=\"_blank\">\n\t\t\t\t\t\t<span class=\"elementor-button-content-wrapper\">\n\t\t\t\t\t\t\t\t\t<span class=\"elementor-button-text\">Article de l'Acad\u00e9mie de Toulouse<\/span>\n\t\t\t\t\t<\/span>\n\t\t\t\t\t<\/a>\n\t\t\t\t\t\t\t\t<\/div>\n\t\t\t\t\t<\/div>\n\t\t\t\t<\/div>\n\t\t<div class=\"elementor-element elementor-element-8cf4dbd e-flex e-con-boxed e-con e-parent\" data-id=\"8cf4dbd\" data-element_type=\"container\">\n\t\t\t\t\t<div class=\"e-con-inner\">\n\t\t\t\t<div class=\"elementor-element elementor-element-4f19fb9 elementor-widget elementor-widget-heading\" data-id=\"4f19fb9\" data-element_type=\"widget\" data-widget_type=\"heading.default\">\n\t\t\t\t\t<h5 class=\"elementor-heading-title elementor-size-default\">LA SENSIBILISATION ET LA PR\u00c9VENTION<\/h5>\t\t\t\t<\/div>\n\t\t\t\t\t<\/div>\n\t\t\t\t<\/div>\n\t\t<div class=\"elementor-element elementor-element-3b824a8 e-flex e-con-boxed e-con e-parent\" data-id=\"3b824a8\" data-element_type=\"container\">\n\t\t\t\t\t<div class=\"e-con-inner\">\n\t\t\t\t<div class=\"elementor-element elementor-element-94b6c03 elementor-widget elementor-widget-text-editor\" data-id=\"94b6c03\" data-element_type=\"widget\" data-widget_type=\"text-editor.default\">\n\t\t\t\t\t\t\t\t\t<p class=\"p1\">&#8211; Parler de la pr\u00e9vention et surtout des solutions qui existent aujourd\u2019hui pour le soin apport\u00e9 aux victimes. Parler \u00e9galement des soins possibles pour les auteurs et autrices de violences.<\/p><p class=\"p1\">&#8211; D\u00e9jouer l\u2019invisibilit\u00e9 des victimes : le spectacle apporte un espoir, des solutions, une issue heureuse.<\/p><p class=\"p1\">&#8211; Comprendre les m\u00e9canismes \u00e0 d\u00e9jouer, gr\u00e2ce aux rencontres avec des soignants, des psychiatres et psychologues, des personnes condamn\u00e9es et des personnes victimes.<\/p><p>&#8211; Questionner sans la juger la masculinit\u00e9 : ce n\u2019est pas la masculinit\u00e9 qui pose probl\u00e8me, mais ce qu\u2019on en fait si on est dans la toute puissance et la domination.<\/p><p class=\"p1\">&#8211; Discuter, d\u00e9battre : proposer syst\u00e9matiquement une version incluant un \u00e9change avec les \u00e9l\u00e8ves.<\/p>\t\t\t\t\t\t\t\t<\/div>\n\t\t\t\t\t<\/div>\n\t\t\t\t<\/div>\n\t\t<div class=\"elementor-element elementor-element-09e5581 e-flex e-con-boxed e-con e-parent\" data-id=\"09e5581\" data-element_type=\"container\">\n\t\t\t\t\t<div class=\"e-con-inner\">\n\t\t\t\t<div class=\"elementor-element elementor-element-1c4a860 elementor-align-center elementor-widget elementor-widget-button\" data-id=\"1c4a860\" data-element_type=\"widget\" data-widget_type=\"button.default\">\n\t\t\t\t\t\t\t\t\t\t<a class=\"elementor-button elementor-button-link elementor-size-sm elementor-animation-grow\" href=\"https:\/\/coldcuts.fr\/?page_id=200\">\n\t\t\t\t\t\t<span class=\"elementor-button-content-wrapper\">\n\t\t\t\t\t\t\t\t\t<span class=\"elementor-button-text\">SUPPORTS PR\u00c9VENTION &amp; BIBLIOGRAPHIE<\/span>\n\t\t\t\t\t<\/span>\n\t\t\t\t\t<\/a>\n\t\t\t\t\t\t\t\t<\/div>\n\t\t\t\t\t<\/div>\n\t\t\t\t<\/div>\n\t\t<div class=\"elementor-element elementor-element-7c15b00 e-flex e-con-boxed e-con e-parent\" data-id=\"7c15b00\" data-element_type=\"container\">\n\t\t\t\t\t<div class=\"e-con-inner\">\n\t\t\t\t<div class=\"elementor-element elementor-element-5908bd6 elementor-widget elementor-widget-spacer\" data-id=\"5908bd6\" data-element_type=\"widget\" data-widget_type=\"spacer.default\">\n\t\t\t\t\t\t\t<div class=\"elementor-spacer\">\n\t\t\t<div class=\"elementor-spacer-inner\"><\/div>\n\t\t<\/div>\n\t\t\t\t\t\t<\/div>\n\t\t\t\t\t<\/div>\n\t\t\t\t<\/div>\n\t\t<div class=\"elementor-element elementor-element-745a355 e-flex e-con-boxed e-con e-parent\" data-id=\"745a355\" data-element_type=\"container\">\n\t\t\t\t\t<div class=\"e-con-inner\">\n\t\t\t\t<div class=\"elementor-element elementor-element-54a70a7 elementor-widget elementor-widget-heading\" data-id=\"54a70a7\" data-element_type=\"widget\" data-widget_type=\"heading.default\">\n\t\t\t\t\t<h5 class=\"elementor-heading-title elementor-size-default\">LES PARTENAIRES POSSIBLES HORS LYC\u00c9E<\/h5>\t\t\t\t<\/div>\n\t\t\t\t\t<\/div>\n\t\t\t\t<\/div>\n\t\t<div class=\"elementor-element elementor-element-8aec918 e-flex e-con-boxed e-con e-parent\" data-id=\"8aec918\" data-element_type=\"container\">\n\t\t\t\t\t<div class=\"e-con-inner\">\n\t\t\t\t<div class=\"elementor-element elementor-element-47cc6af elementor-widget elementor-widget-text-editor\" data-id=\"47cc6af\" data-element_type=\"widget\" data-widget_type=\"text-editor.default\">\n\t\t\t\t\t\t\t\t\t<p class=\"p1\">&#8211; Faire intervenir des personnes qui travaillent dans les associations locales d\u2019aides aux victimes de violences conjugales.<\/p><p class=\"p1\">&#8211; Possibilit\u00e9 de mutualiser les repr\u00e9sentations et de croiser les publics des lyc\u00e9es pour un d\u00e9bat plus ouvert.<\/p>\t\t\t\t\t\t\t\t<\/div>\n\t\t\t\t\t<\/div>\n\t\t\t\t<\/div>\n\t\t<div class=\"elementor-element elementor-element-e801746 e-flex e-con-boxed e-con e-parent\" data-id=\"e801746\" data-element_type=\"container\">\n\t\t\t\t\t<div class=\"e-con-inner\">\n\t\t\t\t<div class=\"elementor-element elementor-element-231ba60 elementor-widget elementor-widget-heading\" data-id=\"231ba60\" data-element_type=\"widget\" data-widget_type=\"heading.default\">\n\t\t\t\t\t<h5 class=\"elementor-heading-title elementor-size-default\">LES \u00c9L\u00c8VES DE TH\u00c9\u00c2TRE<\/h5>\t\t\t\t<\/div>\n\t\t\t\t\t<\/div>\n\t\t\t\t<\/div>\n\t\t<div class=\"elementor-element elementor-element-e1c9781 e-flex e-con-boxed e-con e-parent\" data-id=\"e1c9781\" data-element_type=\"container\">\n\t\t\t\t\t<div class=\"e-con-inner\">\n\t\t\t\t<div class=\"elementor-element elementor-element-0c7d486 elementor-widget elementor-widget-text-editor\" data-id=\"0c7d486\" data-element_type=\"widget\" data-widget_type=\"text-editor.default\">\n\t\t\t\t\t\t\t\t\t<p class=\"p1\">&#8211; Le projet peut-\u00eatre accompagn\u00e9 d\u2019une rencontre\/formation au th\u00e9\u00e2tre contemporain. R\u00e9gis Lux et Amandine du Rivau interviennent r\u00e9guli\u00e8rement en milieu scolaire.\u00a0<\/p>\t\t\t\t\t\t\t\t<\/div>\n\t\t\t\t<div class=\"elementor-element elementor-element-7943f9c elementor-widget elementor-widget-spacer\" data-id=\"7943f9c\" data-element_type=\"widget\" data-widget_type=\"spacer.default\">\n\t\t\t\t\t\t\t<div class=\"elementor-spacer\">\n\t\t\t<div class=\"elementor-spacer-inner\"><\/div>\n\t\t<\/div>\n\t\t\t\t\t\t<\/div>\n\t\t\t\t\t<\/div>\n\t\t\t\t<\/div>\n\t\t<div class=\"elementor-element elementor-element-0f4b72a e-flex e-con-boxed e-con e-parent\" data-id=\"0f4b72a\" data-element_type=\"container\">\n\t\t\t\t\t<div class=\"e-con-inner\">\n\t\t\t\t<div class=\"elementor-element elementor-element-f19e920 elementor-widget elementor-widget-heading\" data-id=\"f19e920\" data-element_type=\"widget\" data-widget_type=\"heading.default\">\n\t\t\t\t\t<h5 class=\"elementor-heading-title elementor-size-default\">T\u00c9MOIGNAGES<\/h5>\t\t\t\t<\/div>\n\t\t\t\t\t<\/div>\n\t\t\t\t<\/div>\n\t\t<div class=\"elementor-element elementor-element-670b86d e-flex e-con-boxed e-con e-parent\" data-id=\"670b86d\" data-element_type=\"container\">\n\t\t\t\t\t<div class=\"e-con-inner\">\n\t\t\t\t<div class=\"elementor-element elementor-element-cfda8d8 e-transform elementor-widget elementor-widget-testimonial\" data-id=\"cfda8d8\" data-element_type=\"widget\" data-settings=\"{&quot;_transform_scale_effect&quot;:{&quot;unit&quot;:&quot;px&quot;,&quot;size&quot;:0.9,&quot;sizes&quot;:[]},&quot;_transform_scale_effect_tablet&quot;:{&quot;unit&quot;:&quot;px&quot;,&quot;size&quot;:&quot;&quot;,&quot;sizes&quot;:[]},&quot;_transform_scale_effect_mobile&quot;:{&quot;unit&quot;:&quot;px&quot;,&quot;size&quot;:&quot;&quot;,&quot;sizes&quot;:[]}}\" data-widget_type=\"testimonial.default\">\n\t\t\t\t\t\t\t<div class=\"elementor-testimonial-wrapper\">\n\t\t\t\t\t\t\t<div class=\"elementor-testimonial-content\">\"... magistral, puissant, remarquable en tout. Les \u00e9changes ensuite \u00e9taient pr\u00e9cieux, pour d\u00e9couvrir la fabrique du texte. Je suis \u00e9pat\u00e9e par l'\u00e9quilibre que vous avez su trouver, et comment apr\u00e8s l'asphyxie on acc\u00e8de tous ensemble \u00e0 une nouvelle respiration.\"<\/div>\n\t\t\t\n\t\t\t\t\t\t<div class=\"elementor-testimonial-meta\">\n\t\t\t\t<div class=\"elementor-testimonial-meta-inner\">\n\t\t\t\t\t\n\t\t\t\t\t\t\t\t\t\t<div class=\"elementor-testimonial-details\">\n\t\t\t\t\t\t\t\t\t\t\t\t\t\t<div class=\"elementor-testimonial-name\">Marion<\/div>\n\t\t\t\t\t\t\t\t\t\t\t\t\t\t\t\t\t\t\t\t\t\t<div class=\"elementor-testimonial-job\">Enseignante<\/div>\n\t\t\t\t\t\t\t\t\t\t\t\t\t<\/div>\n\t\t\t\t\t\t\t\t\t<\/div>\n\t\t\t<\/div>\n\t\t\t\t\t<\/div>\n\t\t\t\t\t\t<\/div>\n\t\t\t\t\t<\/div>\n\t\t\t\t<\/div>\n\t\t\t\t<\/div>\n\t\t","protected":false},"excerpt":{"rendered":"<p>Repr\u00e9senter | Questionner | Pr\u00e9venir OBJECTIFS &#8211; Proposer un spectacle avec une approche originale : l\u2019\u00e9criture d\u2019une suite qui n\u2019existait pas et le REJEU de certaines r\u00e9pliques de la pi\u00e8ce, comme outil de m\u00e9diation d\u2019un grave probl\u00e8me soci\u00e9tal, les violences intra-familiales. &#8211; Envisager le th\u00e9\u00e2tre comme un outil de sensibilisation &#8211; Croiser plusieurs publics scolaires [&hellip;]<\/p>\n","protected":false},"author":1,"featured_media":0,"parent":0,"menu_order":0,"comment_status":"closed","ping_status":"closed","template":"","meta":{"footnotes":""},"class_list":["post-14","page","type-page","status-publish","hentry"],"yoast_head":"<!-- This site is optimized with the Yoast SEO plugin v26.8 - https:\/\/yoast.com\/product\/yoast-seo-wordpress\/ -->\n<title>P\u00e9dagogie - Accueil<\/title>\n<meta name=\"robots\" content=\"index, follow, max-snippet:-1, max-image-preview:large, max-video-preview:-1\" \/>\n<link rel=\"canonical\" href=\"https:\/\/coldcuts.fr\/?page_id=14\" \/>\n<meta property=\"og:locale\" content=\"fr_FR\" \/>\n<meta property=\"og:type\" content=\"article\" \/>\n<meta property=\"og:title\" content=\"P\u00e9dagogie - Accueil\" \/>\n<meta property=\"og:description\" content=\"Repr\u00e9senter | Questionner | Pr\u00e9venir OBJECTIFS &#8211; Proposer un spectacle avec une approche originale : l\u2019\u00e9criture d\u2019une suite qui n\u2019existait pas et le REJEU de certaines r\u00e9pliques de la pi\u00e8ce, comme outil de m\u00e9diation d\u2019un grave probl\u00e8me soci\u00e9tal, les violences intra-familiales. &#8211; Envisager le th\u00e9\u00e2tre comme un outil de sensibilisation &#8211; Croiser plusieurs publics scolaires [&hellip;]\" \/>\n<meta property=\"og:url\" content=\"https:\/\/coldcuts.fr\/?page_id=14\" \/>\n<meta property=\"og:site_name\" content=\"Accueil\" \/>\n<meta property=\"article:modified_time\" content=\"2026-02-06T07:59:19+00:00\" \/>\n<meta name=\"twitter:card\" content=\"summary_large_image\" \/>\n<meta name=\"twitter:label1\" content=\"Dur\u00e9e de lecture estim\u00e9e\" \/>\n\t<meta name=\"twitter:data1\" content=\"2 minutes\" \/>\n<script type=\"application\/ld+json\" class=\"yoast-schema-graph\">{\"@context\":\"https:\/\/schema.org\",\"@graph\":[{\"@type\":\"WebPage\",\"@id\":\"https:\/\/coldcuts.fr\/?page_id=14\",\"url\":\"https:\/\/coldcuts.fr\/?page_id=14\",\"name\":\"P\u00e9dagogie - Accueil\",\"isPartOf\":{\"@id\":\"https:\/\/coldcuts.fr\/#website\"},\"datePublished\":\"2025-11-21T20:11:25+00:00\",\"dateModified\":\"2026-02-06T07:59:19+00:00\",\"breadcrumb\":{\"@id\":\"https:\/\/coldcuts.fr\/?page_id=14#breadcrumb\"},\"inLanguage\":\"fr-FR\",\"potentialAction\":[{\"@type\":\"ReadAction\",\"target\":[\"https:\/\/coldcuts.fr\/?page_id=14\"]}]},{\"@type\":\"BreadcrumbList\",\"@id\":\"https:\/\/coldcuts.fr\/?page_id=14#breadcrumb\",\"itemListElement\":[{\"@type\":\"ListItem\",\"position\":1,\"name\":\"Accueil\",\"item\":\"https:\/\/coldcuts.fr\/\"},{\"@type\":\"ListItem\",\"position\":2,\"name\":\"P\u00e9dagogie\"}]},{\"@type\":\"WebSite\",\"@id\":\"https:\/\/coldcuts.fr\/#website\",\"url\":\"https:\/\/coldcuts.fr\/\",\"name\":\"Cold Cuts\",\"description\":\"\",\"publisher\":{\"@id\":\"https:\/\/coldcuts.fr\/#organization\"},\"potentialAction\":[{\"@type\":\"SearchAction\",\"target\":{\"@type\":\"EntryPoint\",\"urlTemplate\":\"https:\/\/coldcuts.fr\/?s={search_term_string}\"},\"query-input\":{\"@type\":\"PropertyValueSpecification\",\"valueRequired\":true,\"valueName\":\"search_term_string\"}}],\"inLanguage\":\"fr-FR\"},{\"@type\":\"Organization\",\"@id\":\"https:\/\/coldcuts.fr\/#organization\",\"name\":\"Cold Cuts\",\"url\":\"https:\/\/coldcuts.fr\/\",\"logo\":{\"@type\":\"ImageObject\",\"inLanguage\":\"fr-FR\",\"@id\":\"https:\/\/coldcuts.fr\/#\/schema\/logo\/image\/\",\"url\":\"https:\/\/coldcuts.fr\/wp-content\/uploads\/2026\/02\/cropped-COLDCUTS-260106-A4-WEB.jpg\",\"contentUrl\":\"https:\/\/coldcuts.fr\/wp-content\/uploads\/2026\/02\/cropped-COLDCUTS-260106-A4-WEB.jpg\",\"width\":1409,\"height\":1425,\"caption\":\"Cold Cuts\"},\"image\":{\"@id\":\"https:\/\/coldcuts.fr\/#\/schema\/logo\/image\/\"}}]}<\/script>\n<!-- \/ Yoast SEO plugin. -->","yoast_head_json":{"title":"P\u00e9dagogie - Accueil","robots":{"index":"index","follow":"follow","max-snippet":"max-snippet:-1","max-image-preview":"max-image-preview:large","max-video-preview":"max-video-preview:-1"},"canonical":"https:\/\/coldcuts.fr\/?page_id=14","og_locale":"fr_FR","og_type":"article","og_title":"P\u00e9dagogie - Accueil","og_description":"Repr\u00e9senter | Questionner | Pr\u00e9venir OBJECTIFS &#8211; Proposer un spectacle avec une approche originale : l\u2019\u00e9criture d\u2019une suite qui n\u2019existait pas et le REJEU de certaines r\u00e9pliques de la pi\u00e8ce, comme outil de m\u00e9diation d\u2019un grave probl\u00e8me soci\u00e9tal, les violences intra-familiales. &#8211; Envisager le th\u00e9\u00e2tre comme un outil de sensibilisation &#8211; Croiser plusieurs publics scolaires [&hellip;]","og_url":"https:\/\/coldcuts.fr\/?page_id=14","og_site_name":"Accueil","article_modified_time":"2026-02-06T07:59:19+00:00","twitter_card":"summary_large_image","twitter_misc":{"Dur\u00e9e de lecture estim\u00e9e":"2 minutes"},"schema":{"@context":"https:\/\/schema.org","@graph":[{"@type":"WebPage","@id":"https:\/\/coldcuts.fr\/?page_id=14","url":"https:\/\/coldcuts.fr\/?page_id=14","name":"P\u00e9dagogie - Accueil","isPartOf":{"@id":"https:\/\/coldcuts.fr\/#website"},"datePublished":"2025-11-21T20:11:25+00:00","dateModified":"2026-02-06T07:59:19+00:00","breadcrumb":{"@id":"https:\/\/coldcuts.fr\/?page_id=14#breadcrumb"},"inLanguage":"fr-FR","potentialAction":[{"@type":"ReadAction","target":["https:\/\/coldcuts.fr\/?page_id=14"]}]},{"@type":"BreadcrumbList","@id":"https:\/\/coldcuts.fr\/?page_id=14#breadcrumb","itemListElement":[{"@type":"ListItem","position":1,"name":"Accueil","item":"https:\/\/coldcuts.fr\/"},{"@type":"ListItem","position":2,"name":"P\u00e9dagogie"}]},{"@type":"WebSite","@id":"https:\/\/coldcuts.fr\/#website","url":"https:\/\/coldcuts.fr\/","name":"Cold Cuts","description":"","publisher":{"@id":"https:\/\/coldcuts.fr\/#organization"},"potentialAction":[{"@type":"SearchAction","target":{"@type":"EntryPoint","urlTemplate":"https:\/\/coldcuts.fr\/?s={search_term_string}"},"query-input":{"@type":"PropertyValueSpecification","valueRequired":true,"valueName":"search_term_string"}}],"inLanguage":"fr-FR"},{"@type":"Organization","@id":"https:\/\/coldcuts.fr\/#organization","name":"Cold Cuts","url":"https:\/\/coldcuts.fr\/","logo":{"@type":"ImageObject","inLanguage":"fr-FR","@id":"https:\/\/coldcuts.fr\/#\/schema\/logo\/image\/","url":"https:\/\/coldcuts.fr\/wp-content\/uploads\/2026\/02\/cropped-COLDCUTS-260106-A4-WEB.jpg","contentUrl":"https:\/\/coldcuts.fr\/wp-content\/uploads\/2026\/02\/cropped-COLDCUTS-260106-A4-WEB.jpg","width":1409,"height":1425,"caption":"Cold Cuts"},"image":{"@id":"https:\/\/coldcuts.fr\/#\/schema\/logo\/image\/"}}]}},"_links":{"self":[{"href":"https:\/\/coldcuts.fr\/index.php?rest_route=\/wp\/v2\/pages\/14","targetHints":{"allow":["GET"]}}],"collection":[{"href":"https:\/\/coldcuts.fr\/index.php?rest_route=\/wp\/v2\/pages"}],"about":[{"href":"https:\/\/coldcuts.fr\/index.php?rest_route=\/wp\/v2\/types\/page"}],"author":[{"embeddable":true,"href":"https:\/\/coldcuts.fr\/index.php?rest_route=\/wp\/v2\/users\/1"}],"replies":[{"embeddable":true,"href":"https:\/\/coldcuts.fr\/index.php?rest_route=%2Fwp%2Fv2%2Fcomments&post=14"}],"version-history":[{"count":77,"href":"https:\/\/coldcuts.fr\/index.php?rest_route=\/wp\/v2\/pages\/14\/revisions"}],"predecessor-version":[{"id":521,"href":"https:\/\/coldcuts.fr\/index.php?rest_route=\/wp\/v2\/pages\/14\/revisions\/521"}],"wp:attachment":[{"href":"https:\/\/coldcuts.fr\/index.php?rest_route=%2Fwp%2Fv2%2Fmedia&parent=14"}],"curies":[{"name":"wp","href":"https:\/\/api.w.org\/{rel}","templated":true}]}}