{"id":16,"date":"2025-11-21T20:11:36","date_gmt":"2025-11-21T20:11:36","guid":{"rendered":"http:\/\/coldcuts.fr\/?page_id=16"},"modified":"2025-11-27T10:27:54","modified_gmt":"2025-11-27T10:27:54","slug":"contact","status":"publish","type":"page","link":"https:\/\/coldcuts.fr\/?page_id=16","title":{"rendered":"Contact"},"content":{"rendered":"\t\t<div data-elementor-type=\"wp-page\" data-elementor-id=\"16\" class=\"elementor elementor-16\">\n\t\t\t\t<div class=\"elementor-element elementor-element-ce40bfa e-flex e-con-boxed e-con e-parent\" data-id=\"ce40bfa\" data-element_type=\"container\">\n\t\t\t\t\t<div class=\"e-con-inner\">\n\t\t\t\t<div class=\"elementor-element elementor-element-63c60bd elementor-widget elementor-widget-heading\" data-id=\"63c60bd\" data-element_type=\"widget\" data-widget_type=\"heading.default\">\n\t\t\t\t\t<h2 class=\"elementor-heading-title elementor-size-default\">Contact<\/h2>\t\t\t\t<\/div>\n\t\t\t\t\t<\/div>\n\t\t\t\t<\/div>\n\t\t<div class=\"elementor-element elementor-element-ac0da88 e-grid e-con-boxed e-con e-parent\" data-id=\"ac0da88\" data-element_type=\"container\">\n\t\t\t\t\t<div class=\"e-con-inner\">\n\t\t\t\t<div class=\"elementor-element elementor-element-a8ade09 elementor-widget elementor-widget-text-editor\" data-id=\"a8ade09\" data-element_type=\"widget\" data-widget_type=\"text-editor.default\">\n\t\t\t\t\t\t\t\t\t<p><strong>Cie VOIE A<\/strong><br \/>10 chemin d\u2019En Guit<br \/>31460 Loubens Lauragais<\/p><p>Siret: 992 983 031 00012 | 9001<\/p><p><br \/><a href=\"mailto:compagnievoiea@gmail.com\">compagnievoiea@gmail.com<\/a><\/p>\t\t\t\t\t\t\t\t<\/div>\n\t\t\t\t<div class=\"elementor-element elementor-element-fd943d4 elementor-widget elementor-widget-text-editor\" data-id=\"fd943d4\" data-element_type=\"widget\" data-widget_type=\"text-editor.default\">\n\t\t\t\t\t\t\t\t\t<h5>&amp;<\/h5><p>[soci\u00e9t\u00e9 en participation]<\/p>\t\t\t\t\t\t\t\t<\/div>\n\t\t\t\t<div class=\"elementor-element elementor-element-e7b2f2f elementor-widget elementor-widget-text-editor\" data-id=\"e7b2f2f\" data-element_type=\"widget\" data-widget_type=\"text-editor.default\">\n\t\t\t\t\t\t\t\t\t<p><strong>Cie MEMENTO ANIMA<\/strong><\/p><p>20 place S\u00e9bastopol &#8211; 13004 Marseille<\/p><p>Siret 883 576 019 00029 | APE 9001Z<\/p><p>Licence n\u00b0 2-007999<\/p><p>Compagnie r\u00e9f\u00e9renc\u00e9e ADAGE<\/p><p><a href=\"mailto:contact@memento-anima.fr\">contact@memento-anima.fr<\/a><\/p>\t\t\t\t\t\t\t\t<\/div>\n\t\t\t\t\t<\/div>\n\t\t\t\t<\/div>\n\t\t<div class=\"elementor-element elementor-element-7a2dbdd e-grid e-con-boxed e-con e-parent\" data-id=\"7a2dbdd\" data-element_type=\"container\">\n\t\t\t\t\t<div class=\"e-con-inner\">\n\t\t\t\t<div class=\"elementor-element elementor-element-1b0314a elementor-widget elementor-widget-text-editor\" data-id=\"1b0314a\" data-element_type=\"widget\" data-widget_type=\"text-editor.default\">\n\t\t\t\t\t\t\t\t\t<p>R\u00e9gis Lux\u00a0<br \/><a href=\"mailto:regislux@netc.fr\">regislux@netc.fr<\/a><\/p>\t\t\t\t\t\t\t\t<\/div>\n\t\t\t\t<div class=\"elementor-element elementor-element-7071a35 elementor-widget elementor-widget-text-editor\" data-id=\"7071a35\" data-element_type=\"widget\" data-widget_type=\"text-editor.default\">\n\t\t\t\t\t\t\t\t\t<p>Amandine du Rivau\u00a0<br \/><a href=\"mailto:amandine.durivau@proton.me\">amandine.durivau@proton.me<\/a><\/p><p>.<\/p>\t\t\t\t\t\t\t\t<\/div>\n\t\t\t\t\t<\/div>\n\t\t\t\t<\/div>\n\t\t<div class=\"elementor-element elementor-element-dfb5469 e-grid e-con-boxed e-con e-parent\" data-id=\"dfb5469\" data-element_type=\"container\">\n\t\t\t\t\t<div class=\"e-con-inner\">\n\t\t\t\t<div class=\"elementor-element elementor-element-fa74ea4 elementor-widget elementor-widget-image\" data-id=\"fa74ea4\" data-element_type=\"widget\" data-widget_type=\"image.default\">\n\t\t\t\t\t\t\t\t\t\t\t\t\t\t\t<img decoding=\"async\" width=\"150\" height=\"150\" src=\"https:\/\/coldcuts.fr\/wp-content\/uploads\/2025\/11\/Lux_Regis\u00a9F.PasseriniTabula-Rasa-150x150.jpg\" class=\"attachment-thumbnail size-thumbnail wp-image-37\" alt=\"\" \/>\t\t\t\t\t\t\t\t\t\t\t\t\t\t\t<\/div>\n\t\t\t\t<div class=\"elementor-element elementor-element-32e07e4 elementor-widget elementor-widget-image\" data-id=\"32e07e4\" data-element_type=\"widget\" data-widget_type=\"image.default\">\n\t\t\t\t\t\t\t\t\t\t\t\t\t\t\t<img decoding=\"async\" width=\"150\" height=\"150\" src=\"https:\/\/coldcuts.fr\/wp-content\/uploads\/2025\/11\/A.duRivau\u00a9O.Allard-150x150.jpg\" class=\"attachment-thumbnail size-thumbnail wp-image-38\" alt=\"\" \/>\t\t\t\t\t\t\t\t\t\t\t\t\t\t\t<\/div>\n\t\t\t\t\t<\/div>\n\t\t\t\t<\/div>\n\t\t<div class=\"elementor-element elementor-element-27e18ec e-flex e-con-boxed e-con e-parent\" data-id=\"27e18ec\" data-element_type=\"container\">\n\t\t\t\t\t<div class=\"e-con-inner\">\n\t\t\t\t\t<\/div>\n\t\t\t\t<\/div>\n\t\t\t\t<\/div>\n\t\t","protected":false},"excerpt":{"rendered":"<p>Contact Cie VOIE A10 chemin d\u2019En Guit31460 Loubens Lauragais Siret: 992 983 031 00012 | 9001 compagnievoiea@gmail.com &amp; [soci\u00e9t\u00e9 en participation] Cie MEMENTO ANIMA 20 place S\u00e9bastopol &#8211; 13004 Marseille Siret 883 576 019 00029 | APE 9001Z Licence n\u00b0 2-007999 Compagnie r\u00e9f\u00e9renc\u00e9e ADAGE contact@memento-anima.fr R\u00e9gis Lux\u00a0regislux@netc.fr Amandine du Rivau\u00a0amandine.durivau@proton.me .<\/p>\n","protected":false},"author":1,"featured_media":0,"parent":0,"menu_order":0,"comment_status":"closed","ping_status":"closed","template":"","meta":{"footnotes":""},"class_list":["post-16","page","type-page","status-publish","hentry"],"yoast_head":"<!-- This site is optimized with the Yoast SEO plugin v26.8 - https:\/\/yoast.com\/product\/yoast-seo-wordpress\/ -->\n<title>Contact - Accueil<\/title>\n<meta name=\"robots\" content=\"index, follow, max-snippet:-1, max-image-preview:large, max-video-preview:-1\" \/>\n<link rel=\"canonical\" href=\"https:\/\/coldcuts.fr\/?page_id=16\" \/>\n<meta property=\"og:locale\" content=\"fr_FR\" \/>\n<meta property=\"og:type\" content=\"article\" \/>\n<meta property=\"og:title\" content=\"Contact - Accueil\" \/>\n<meta property=\"og:description\" content=\"Contact Cie VOIE A10 chemin d\u2019En Guit31460 Loubens Lauragais Siret: 992 983 031 00012 | 9001 compagnievoiea@gmail.com &amp; [soci\u00e9t\u00e9 en participation] Cie MEMENTO ANIMA 20 place S\u00e9bastopol &#8211; 13004 Marseille Siret 883 576 019 00029 | APE 9001Z Licence n\u00b0 2-007999 Compagnie r\u00e9f\u00e9renc\u00e9e ADAGE contact@memento-anima.fr R\u00e9gis Lux\u00a0regislux@netc.fr Amandine du Rivau\u00a0amandine.durivau@proton.me .\" \/>\n<meta property=\"og:url\" content=\"https:\/\/coldcuts.fr\/?page_id=16\" \/>\n<meta property=\"og:site_name\" content=\"Accueil\" \/>\n<meta property=\"article:modified_time\" content=\"2025-11-27T10:27:54+00:00\" \/>\n<meta name=\"twitter:card\" content=\"summary_large_image\" \/>\n<script type=\"application\/ld+json\" class=\"yoast-schema-graph\">{\"@context\":\"https:\/\/schema.org\",\"@graph\":[{\"@type\":\"WebPage\",\"@id\":\"https:\/\/coldcuts.fr\/?page_id=16\",\"url\":\"https:\/\/coldcuts.fr\/?page_id=16\",\"name\":\"Contact - Accueil\",\"isPartOf\":{\"@id\":\"https:\/\/coldcuts.fr\/#website\"},\"datePublished\":\"2025-11-21T20:11:36+00:00\",\"dateModified\":\"2025-11-27T10:27:54+00:00\",\"breadcrumb\":{\"@id\":\"https:\/\/coldcuts.fr\/?page_id=16#breadcrumb\"},\"inLanguage\":\"fr-FR\",\"potentialAction\":[{\"@type\":\"ReadAction\",\"target\":[\"https:\/\/coldcuts.fr\/?page_id=16\"]}]},{\"@type\":\"BreadcrumbList\",\"@id\":\"https:\/\/coldcuts.fr\/?page_id=16#breadcrumb\",\"itemListElement\":[{\"@type\":\"ListItem\",\"position\":1,\"name\":\"Accueil\",\"item\":\"https:\/\/coldcuts.fr\/\"},{\"@type\":\"ListItem\",\"position\":2,\"name\":\"Contact\"}]},{\"@type\":\"WebSite\",\"@id\":\"https:\/\/coldcuts.fr\/#website\",\"url\":\"https:\/\/coldcuts.fr\/\",\"name\":\"Cold Cuts\",\"description\":\"\",\"publisher\":{\"@id\":\"https:\/\/coldcuts.fr\/#organization\"},\"potentialAction\":[{\"@type\":\"SearchAction\",\"target\":{\"@type\":\"EntryPoint\",\"urlTemplate\":\"https:\/\/coldcuts.fr\/?s={search_term_string}\"},\"query-input\":{\"@type\":\"PropertyValueSpecification\",\"valueRequired\":true,\"valueName\":\"search_term_string\"}}],\"inLanguage\":\"fr-FR\"},{\"@type\":\"Organization\",\"@id\":\"https:\/\/coldcuts.fr\/#organization\",\"name\":\"Cold Cuts\",\"url\":\"https:\/\/coldcuts.fr\/\",\"logo\":{\"@type\":\"ImageObject\",\"inLanguage\":\"fr-FR\",\"@id\":\"https:\/\/coldcuts.fr\/#\/schema\/logo\/image\/\",\"url\":\"https:\/\/coldcuts.fr\/wp-content\/uploads\/2026\/02\/cropped-COLDCUTS-260106-A4-WEB.jpg\",\"contentUrl\":\"https:\/\/coldcuts.fr\/wp-content\/uploads\/2026\/02\/cropped-COLDCUTS-260106-A4-WEB.jpg\",\"width\":1409,\"height\":1425,\"caption\":\"Cold Cuts\"},\"image\":{\"@id\":\"https:\/\/coldcuts.fr\/#\/schema\/logo\/image\/\"}}]}<\/script>\n<!-- \/ Yoast SEO plugin. -->","yoast_head_json":{"title":"Contact - Accueil","robots":{"index":"index","follow":"follow","max-snippet":"max-snippet:-1","max-image-preview":"max-image-preview:large","max-video-preview":"max-video-preview:-1"},"canonical":"https:\/\/coldcuts.fr\/?page_id=16","og_locale":"fr_FR","og_type":"article","og_title":"Contact - Accueil","og_description":"Contact Cie VOIE A10 chemin d\u2019En Guit31460 Loubens Lauragais Siret: 992 983 031 00012 | 9001 compagnievoiea@gmail.com &amp; [soci\u00e9t\u00e9 en participation] Cie MEMENTO ANIMA 20 place S\u00e9bastopol &#8211; 13004 Marseille Siret 883 576 019 00029 | APE 9001Z Licence n\u00b0 2-007999 Compagnie r\u00e9f\u00e9renc\u00e9e ADAGE contact@memento-anima.fr R\u00e9gis Lux\u00a0regislux@netc.fr Amandine du Rivau\u00a0amandine.durivau@proton.me .","og_url":"https:\/\/coldcuts.fr\/?page_id=16","og_site_name":"Accueil","article_modified_time":"2025-11-27T10:27:54+00:00","twitter_card":"summary_large_image","schema":{"@context":"https:\/\/schema.org","@graph":[{"@type":"WebPage","@id":"https:\/\/coldcuts.fr\/?page_id=16","url":"https:\/\/coldcuts.fr\/?page_id=16","name":"Contact - Accueil","isPartOf":{"@id":"https:\/\/coldcuts.fr\/#website"},"datePublished":"2025-11-21T20:11:36+00:00","dateModified":"2025-11-27T10:27:54+00:00","breadcrumb":{"@id":"https:\/\/coldcuts.fr\/?page_id=16#breadcrumb"},"inLanguage":"fr-FR","potentialAction":[{"@type":"ReadAction","target":["https:\/\/coldcuts.fr\/?page_id=16"]}]},{"@type":"BreadcrumbList","@id":"https:\/\/coldcuts.fr\/?page_id=16#breadcrumb","itemListElement":[{"@type":"ListItem","position":1,"name":"Accueil","item":"https:\/\/coldcuts.fr\/"},{"@type":"ListItem","position":2,"name":"Contact"}]},{"@type":"WebSite","@id":"https:\/\/coldcuts.fr\/#website","url":"https:\/\/coldcuts.fr\/","name":"Cold Cuts","description":"","publisher":{"@id":"https:\/\/coldcuts.fr\/#organization"},"potentialAction":[{"@type":"SearchAction","target":{"@type":"EntryPoint","urlTemplate":"https:\/\/coldcuts.fr\/?s={search_term_string}"},"query-input":{"@type":"PropertyValueSpecification","valueRequired":true,"valueName":"search_term_string"}}],"inLanguage":"fr-FR"},{"@type":"Organization","@id":"https:\/\/coldcuts.fr\/#organization","name":"Cold Cuts","url":"https:\/\/coldcuts.fr\/","logo":{"@type":"ImageObject","inLanguage":"fr-FR","@id":"https:\/\/coldcuts.fr\/#\/schema\/logo\/image\/","url":"https:\/\/coldcuts.fr\/wp-content\/uploads\/2026\/02\/cropped-COLDCUTS-260106-A4-WEB.jpg","contentUrl":"https:\/\/coldcuts.fr\/wp-content\/uploads\/2026\/02\/cropped-COLDCUTS-260106-A4-WEB.jpg","width":1409,"height":1425,"caption":"Cold Cuts"},"image":{"@id":"https:\/\/coldcuts.fr\/#\/schema\/logo\/image\/"}}]}},"_links":{"self":[{"href":"https:\/\/coldcuts.fr\/index.php?rest_route=\/wp\/v2\/pages\/16","targetHints":{"allow":["GET"]}}],"collection":[{"href":"https:\/\/coldcuts.fr\/index.php?rest_route=\/wp\/v2\/pages"}],"about":[{"href":"https:\/\/coldcuts.fr\/index.php?rest_route=\/wp\/v2\/types\/page"}],"author":[{"embeddable":true,"href":"https:\/\/coldcuts.fr\/index.php?rest_route=\/wp\/v2\/users\/1"}],"replies":[{"embeddable":true,"href":"https:\/\/coldcuts.fr\/index.php?rest_route=%2Fwp%2Fv2%2Fcomments&post=16"}],"version-history":[{"count":22,"href":"https:\/\/coldcuts.fr\/index.php?rest_route=\/wp\/v2\/pages\/16\/revisions"}],"predecessor-version":[{"id":188,"href":"https:\/\/coldcuts.fr\/index.php?rest_route=\/wp\/v2\/pages\/16\/revisions\/188"}],"wp:attachment":[{"href":"https:\/\/coldcuts.fr\/index.php?rest_route=%2Fwp%2Fv2%2Fmedia&parent=16"}],"curies":[{"name":"wp","href":"https:\/\/api.w.org\/{rel}","templated":true}]}}