{"id":200,"date":"2025-11-27T10:58:35","date_gmt":"2025-11-27T10:58:35","guid":{"rendered":"https:\/\/coldcuts.fr\/?page_id=200"},"modified":"2026-01-26T09:01:55","modified_gmt":"2026-01-26T09:01:55","slug":"supports-prevention","status":"publish","type":"page","link":"https:\/\/coldcuts.fr\/?page_id=200","title":{"rendered":"Supports &#038; Biblio"},"content":{"rendered":"\t\t<div data-elementor-type=\"wp-page\" data-elementor-id=\"200\" class=\"elementor elementor-200\">\n\t\t\t\t<div class=\"elementor-element elementor-element-9d18d7b e-flex e-con-boxed e-con e-parent\" data-id=\"9d18d7b\" data-element_type=\"container\">\n\t\t\t\t\t<div class=\"e-con-inner\">\n\t\t\t\t<div class=\"elementor-element elementor-element-820284a elementor-widget elementor-widget-heading\" data-id=\"820284a\" data-element_type=\"widget\" data-widget_type=\"heading.default\">\n\t\t\t\t\t<h3 class=\"elementor-heading-title elementor-size-default\">Supports p\u00e9dagogiques<\/h3>\t\t\t\t<\/div>\n\t\t\t\t\t<\/div>\n\t\t\t\t<\/div>\n\t\t<div class=\"elementor-element elementor-element-63d77b9 e-flex e-con-boxed e-con e-parent\" data-id=\"63d77b9\" data-element_type=\"container\">\n\t\t\t\t\t<div class=\"e-con-inner\">\n\t\t\t\t<div class=\"elementor-element elementor-element-3cccdb0 elementor-widget elementor-widget-image-gallery\" data-id=\"3cccdb0\" data-element_type=\"widget\" data-widget_type=\"image-gallery.default\">\n\t\t\t\t\t\t\t<div class=\"elementor-image-gallery\">\n\t\t\t\n\t\t<style type=\"text\/css\">\n\t\t\t#gallery-1 {\n\t\t\t\tmargin: auto;\n\t\t\t}\n\t\t\t#gallery-1 .gallery-item {\n\t\t\t\tfloat: left;\n\t\t\t\tmargin-top: 10px;\n\t\t\t\ttext-align: center;\n\t\t\t\twidth: 25%;\n\t\t\t}\n\t\t\t#gallery-1 img {\n\t\t\t\tborder: 2px solid #cfcfcf;\n\t\t\t}\n\t\t\t#gallery-1 .gallery-caption {\n\t\t\t\tmargin-left: 0;\n\t\t\t}\n\t\t\t\/* see gallery_shortcode() in wp-includes\/media.php *\/\n\t\t<\/style>\n\t\t<div id='gallery-1' class='gallery galleryid-200 gallery-columns-4 gallery-size-thumbnail'><dl class='gallery-item'>\n\t\t\t<dt class='gallery-icon portrait'>\n\t\t\t\t<a data-elementor-open-lightbox=\"yes\" data-elementor-lightbox-slideshow=\"3cccdb0\" data-elementor-lightbox-title=\"FNACAV-affiche-08-019-019-11-2023\" data-e-action-hash=\"#elementor-action%3Aaction%3Dlightbox%26settings%3DeyJpZCI6NDA2LCJ1cmwiOiJodHRwczpcL1wvY29sZGN1dHMuZnJcL3dwLWNvbnRlbnRcL3VwbG9hZHNcLzIwMjZcLzAxXC9GTkFDQVYtYWZmaWNoZS0wOC0wMTktMDE5LTExLTIwMjMuanBnIiwic2xpZGVzaG93IjoiM2NjY2RiMCJ9\" href='https:\/\/coldcuts.fr\/wp-content\/uploads\/2026\/01\/FNACAV-affiche-08-019-019-11-2023.jpg'><img decoding=\"async\" width=\"150\" height=\"150\" src=\"https:\/\/coldcuts.fr\/wp-content\/uploads\/2026\/01\/FNACAV-affiche-08-019-019-11-2023-150x150.jpg\" class=\"attachment-thumbnail size-thumbnail\" alt=\"\" aria-describedby=\"gallery-1-406\" \/><\/a>\n\t\t\t<\/dt>\n\t\t\t\t<dd class='wp-caption-text gallery-caption' id='gallery-1-406'>\n\t\t\t\tFNACAV\n\t\t\t\t<\/dd><\/dl><dl class='gallery-item'>\n\t\t\t<dt class='gallery-icon portrait'>\n\t\t\t\t<a data-elementor-open-lightbox=\"yes\" data-elementor-lightbox-slideshow=\"3cccdb0\" data-elementor-lightbox-title=\"Me\u0301mo de vie-web\" data-e-action-hash=\"#elementor-action%3Aaction%3Dlightbox%26settings%3DeyJpZCI6NDA3LCJ1cmwiOiJodHRwczpcL1wvY29sZGN1dHMuZnJcL3dwLWNvbnRlbnRcL3VwbG9hZHNcLzIwMjZcLzAxXC9NZW1vLWRlLXZpZS13ZWItc2NhbGVkLmpwZyIsInNsaWRlc2hvdyI6IjNjY2NkYjAifQ%3D%3D\" href='https:\/\/coldcuts.fr\/wp-content\/uploads\/2026\/01\/Memo-de-vie-web-scaled.jpg'><img decoding=\"async\" width=\"150\" height=\"150\" src=\"https:\/\/coldcuts.fr\/wp-content\/uploads\/2026\/01\/Memo-de-vie-web-150x150.jpg\" class=\"attachment-thumbnail size-thumbnail\" alt=\"\" aria-describedby=\"gallery-1-407\" \/><\/a>\n\t\t\t<\/dt>\n\t\t\t\t<dd class='wp-caption-text gallery-caption' id='gallery-1-407'>\n\t\t\t\tM\u00e9mo de vie\n\t\t\t\t<\/dd><\/dl><dl class='gallery-item'>\n\t\t\t<dt class='gallery-icon landscape'>\n\t\t\t\t<a data-elementor-open-lightbox=\"yes\" data-elementor-lightbox-slideshow=\"3cccdb0\" data-elementor-lightbox-title=\"Violentome\u0300tre1\" data-e-action-hash=\"#elementor-action%3Aaction%3Dlightbox%26settings%3DeyJpZCI6NDEyLCJ1cmwiOiJodHRwczpcL1wvY29sZGN1dHMuZnJcL3dwLWNvbnRlbnRcL3VwbG9hZHNcLzIwMjZcLzAxXC9WaW9sZW50b21ldHJlMS1zY2FsZWQuanBnIiwic2xpZGVzaG93IjoiM2NjY2RiMCJ9\" href='https:\/\/coldcuts.fr\/wp-content\/uploads\/2026\/01\/Violentometre1-scaled.jpg'><img decoding=\"async\" width=\"150\" height=\"150\" src=\"https:\/\/coldcuts.fr\/wp-content\/uploads\/2026\/01\/Violentometre1-150x150.jpg\" class=\"attachment-thumbnail size-thumbnail\" alt=\"\" \/><\/a>\n\t\t\t<\/dt><\/dl><dl class='gallery-item'>\n\t\t\t<dt class='gallery-icon landscape'>\n\t\t\t\t<a data-elementor-open-lightbox=\"yes\" data-elementor-lightbox-slideshow=\"3cccdb0\" data-elementor-lightbox-title=\"Violentome\u0300tre2\" data-e-action-hash=\"#elementor-action%3Aaction%3Dlightbox%26settings%3DeyJpZCI6NDEzLCJ1cmwiOiJodHRwczpcL1wvY29sZGN1dHMuZnJcL3dwLWNvbnRlbnRcL3VwbG9hZHNcLzIwMjZcLzAxXC9WaW9sZW50b21ldHJlMi1zY2FsZWQuanBnIiwic2xpZGVzaG93IjoiM2NjY2RiMCJ9\" href='https:\/\/coldcuts.fr\/wp-content\/uploads\/2026\/01\/Violentometre2-scaled.jpg'><img loading=\"lazy\" decoding=\"async\" width=\"150\" height=\"150\" src=\"https:\/\/coldcuts.fr\/wp-content\/uploads\/2026\/01\/Violentometre2-150x150.jpg\" class=\"attachment-thumbnail size-thumbnail\" alt=\"\" \/><\/a>\n\t\t\t<\/dt><\/dl><br style=\"clear: both\" \/><dl class='gallery-item'>\n\t\t\t<dt class='gallery-icon landscape'>\n\t\t\t\t<a data-elementor-open-lightbox=\"yes\" data-elementor-lightbox-slideshow=\"3cccdb0\" data-elementor-lightbox-title=\"3ROUE-CYCLE-DES-VIOLENCES-WEB2\" data-e-action-hash=\"#elementor-action%3Aaction%3Dlightbox%26settings%3DeyJpZCI6NDI5LCJ1cmwiOiJodHRwczpcL1wvY29sZGN1dHMuZnJcL3dwLWNvbnRlbnRcL3VwbG9hZHNcLzIwMjZcLzAxXC8zUk9VRS1DWUNMRS1ERVMtVklPTEVOQ0VTLVdFQjItc2NhbGVkLmpwZyIsInNsaWRlc2hvdyI6IjNjY2NkYjAifQ%3D%3D\" href='https:\/\/coldcuts.fr\/wp-content\/uploads\/2026\/01\/3ROUE-CYCLE-DES-VIOLENCES-WEB2-scaled.jpg'><img loading=\"lazy\" decoding=\"async\" width=\"150\" height=\"150\" src=\"https:\/\/coldcuts.fr\/wp-content\/uploads\/2026\/01\/3ROUE-CYCLE-DES-VIOLENCES-WEB2-150x150.jpg\" class=\"attachment-thumbnail size-thumbnail\" alt=\"\" \/><\/a>\n\t\t\t<\/dt><\/dl><dl class='gallery-item'>\n\t\t\t<dt class='gallery-icon landscape'>\n\t\t\t\t<a data-elementor-open-lightbox=\"yes\" data-elementor-lightbox-slideshow=\"3cccdb0\" data-elementor-lightbox-title=\"4ROUE-DU-POUVOIR-ET-CONTRO\u0302LE\" data-e-action-hash=\"#elementor-action%3Aaction%3Dlightbox%26settings%3DeyJpZCI6NDM1LCJ1cmwiOiJodHRwczpcL1wvY29sZGN1dHMuZnJcL3dwLWNvbnRlbnRcL3VwbG9hZHNcLzIwMjZcLzAxXC80Uk9VRS1EVS1QT1VWT0lSLUVULUNPTlRST0xFLXNjYWxlZC5qcGciLCJzbGlkZXNob3ciOiIzY2NjZGIwIn0%3D\" href='https:\/\/coldcuts.fr\/wp-content\/uploads\/2026\/01\/4ROUE-DU-POUVOIR-ET-CONTROLE-scaled.jpg'><img loading=\"lazy\" decoding=\"async\" width=\"150\" height=\"150\" src=\"https:\/\/coldcuts.fr\/wp-content\/uploads\/2026\/01\/4ROUE-DU-POUVOIR-ET-CONTROLE-150x150.jpg\" class=\"attachment-thumbnail size-thumbnail\" alt=\"\" \/><\/a>\n\t\t\t<\/dt><\/dl>\n\t\t\t<br style='clear: both' \/>\n\t\t<\/div>\n\t\t<\/div>\n\t\t\t\t\t\t<\/div>\n\t\t\t\t\t<\/div>\n\t\t\t\t<\/div>\n\t\t<div class=\"elementor-element elementor-element-505d08c e-flex e-con-boxed e-con e-parent\" data-id=\"505d08c\" data-element_type=\"container\">\n\t\t\t\t\t<div class=\"e-con-inner\">\n\t\t\t\t<div class=\"elementor-element elementor-element-9acd10d elementor-widget elementor-widget-text-editor\" data-id=\"9acd10d\" data-element_type=\"widget\" data-widget_type=\"text-editor.default\">\n\t\t\t\t\t\t\t\t\t<p>T\u00e9l\u00e9charger\u00a0<a href=\"https:\/\/coldcuts.fr\/wp-content\/uploads\/2026\/01\/Support-prevention-Cold-Cuts.pdf\"><span style=\"text-decoration: underline;\"><span style=\"color: #339966; text-decoration: underline;\">Support-pre\u0301vention-Cold Cuts<\/span><\/span><\/a><\/p>\t\t\t\t\t\t\t\t<\/div>\n\t\t\t\t\t<\/div>\n\t\t\t\t<\/div>\n\t\t<div class=\"elementor-element elementor-element-cf4f76e e-flex e-con-boxed e-con e-parent\" data-id=\"cf4f76e\" data-element_type=\"container\">\n\t\t\t\t\t<div class=\"e-con-inner\">\n\t\t\t\t<div class=\"elementor-element elementor-element-9d31261 elementor-widget elementor-widget-spacer\" data-id=\"9d31261\" data-element_type=\"widget\" data-widget_type=\"spacer.default\">\n\t\t\t\t\t\t\t<div class=\"elementor-spacer\">\n\t\t\t<div class=\"elementor-spacer-inner\"><\/div>\n\t\t<\/div>\n\t\t\t\t\t\t<\/div>\n\t\t\t\t\t<\/div>\n\t\t\t\t<\/div>\n\t\t<div class=\"elementor-element elementor-element-e7bac39 e-flex e-con-boxed e-con e-parent\" data-id=\"e7bac39\" data-element_type=\"container\">\n\t\t\t\t\t<div class=\"e-con-inner\">\n\t\t\t\t<div class=\"elementor-element elementor-element-d7b79f0 elementor-widget elementor-widget-heading\" data-id=\"d7b79f0\" data-element_type=\"widget\" data-widget_type=\"heading.default\">\n\t\t\t\t\t<h3 class=\"elementor-heading-title elementor-size-default\">Bibliographie (non-exaustive)<\/h3>\t\t\t\t<\/div>\n\t\t\t\t\t<\/div>\n\t\t\t\t<\/div>\n\t\t<div class=\"elementor-element elementor-element-f0a6440 e-flex e-con-boxed e-con e-parent\" data-id=\"f0a6440\" data-element_type=\"container\">\n\t\t\t\t\t<div class=\"e-con-inner\">\n\t\t\t\t<div class=\"elementor-element elementor-element-6ca52b2 elementor-widget elementor-widget-text-editor\" data-id=\"6ca52b2\" data-element_type=\"widget\" data-widget_type=\"text-editor.default\">\n\t\t\t\t\t\t\t\t\t<p><strong><span style=\"color: #339966;\">Essai<\/span><\/strong><br \/>&#8211; \u00ab Sp\u00e9cificit\u00e9 des traumatismes intentionnels \u00bb in Psychopathologie des violences collectives de Fran\u00e7oise Sironi \u2013 \u00c9d. Odile Jacob<br \/>&#8211; Pourquoi suis-je rest\u00e9.e? De Anne-Clotilde Zi\u00e9gler &#8211; \u00c9d. Pocket<br \/>&#8211; Les victimes de pervers narcissique, gu\u00e9rir du traumatisme (r\u00e9cits et t\u00e9moignages) \u2013 Christine Calonne &#8211; \u00c9d. Ellipses<br \/>&#8211; Femmes sous emprises, les ressorts de la violence dans le couple &#8211; Marie-France Hirigoyen<br \/>&#8211; Nos fr\u00e8res, nos p\u00e8res, nos amis &#8211; Matthieu Palain &#8211; \u00c9d. Les Ar\u00e8nes<br \/>&#8211; Violences dans le couple &#8211; Groupe de paroles d\u2019hommes \u2013 Maryse Pervanchon &#8211; \u00c9d L\u2019Harmattan<br \/>&#8211; La culture du f\u00e9minicide \u2013 Ivan Jablonka \u2013 \u00c9d. Seuil<\/p><p><strong><span style=\"color: #339966;\">Litt\u00e9rature<\/span><\/strong><br \/>&#8211; Notre silence nous a laiss\u00e9es seules &#8211; Judith Chemla &#8211; \u00c9d. R. Laffont<br \/>&#8211; King Kong Th\u00e9orie &#8211; Virginie Despentes<br \/>&#8211; Rouge Pute, Perrine Le Querrec, \u00c9d. La Contre All\u00e9e<br \/>&#8211; La nuit au coeur , Nathacha Appanah, Gallimard<\/p><p><strong><span style=\"color: #339966;\">Podcast<\/span><\/strong><br \/>Inventer une th\u00e9rapie f\u00e9ministe | Un podcast \u00e0 soi (52) &#8211; Charlotte Bienaim\u00e9 &#8211; ARTE Radio Podcast (<span style=\"text-decoration: underline;\"><span style=\"color: #339966; text-decoration: underline;\"><a style=\"color: #339966; text-decoration: underline;\" href=\"https:\/\/www.arteradio.com\/son\/inventer-une-therapie-feministe\">lien<\/a><\/span><\/span>)<\/p><p><strong><span style=\"color: #339966;\">Ressources<\/span><\/strong><br \/>&#8211; Un num\u00e9ro national : 3919 &#8211; VIOLENCES FEMMES INFO<br \/>&#8211; Un site : <a href=\"https:\/\/arretonslesviolences.gouv.fr\/\"><span style=\"color: #339966;\"><span style=\"text-decoration: underline;\">arretonslesviolences<\/span><\/span><\/a><br \/>et notamment les paroles d\u2019experts<span style=\"color: #339966;\"> (<a style=\"color: #339966;\" href=\"https:\/\/arretonslesviolences.gouv.fr\/je-suis-professionnel\/les-paroles-d-expertes\"><span style=\"text-decoration: underline;\">cliquez ici)<\/span><\/a><\/span><\/p><p>&#8211;<span style=\"text-decoration: underline;\"><strong><span style=\"color: #339966;\"> <a style=\"color: #339966; text-decoration: underline;\" href=\"https:\/\/www.memo-de-vie.org\/\">M\u00e9mo de vie <\/a><\/span><\/strong><\/span>(dire aujourd&rsquo;hui pour pr\u00e9server demain)<\/p><p>\u00a0<\/p><div>\u00a0<\/div><div>\u00a0<\/div>\t\t\t\t\t\t\t\t<\/div>\n\t\t\t\t\t<\/div>\n\t\t\t\t<\/div>\n\t\t\t\t<\/div>\n\t\t","protected":false},"excerpt":{"rendered":"<p>Supports p\u00e9dagogiques FNACAV M\u00e9mo de vie T\u00e9l\u00e9charger\u00a0Support-pre\u0301vention-Cold Cuts Bibliographie (non-exaustive) Essai&#8211; \u00ab Sp\u00e9cificit\u00e9 des traumatismes intentionnels \u00bb in Psychopathologie des violences collectives de Fran\u00e7oise Sironi \u2013 \u00c9d. Odile Jacob&#8211; Pourquoi suis-je rest\u00e9.e? De Anne-Clotilde Zi\u00e9gler &#8211; \u00c9d. Pocket&#8211; Les victimes de pervers narcissique, gu\u00e9rir du traumatisme (r\u00e9cits et t\u00e9moignages) \u2013 Christine Calonne &#8211; \u00c9d. Ellipses&#8211; [&hellip;]<\/p>\n","protected":false},"author":1,"featured_media":0,"parent":0,"menu_order":0,"comment_status":"closed","ping_status":"closed","template":"","meta":{"footnotes":""},"class_list":["post-200","page","type-page","status-publish","hentry"],"yoast_head":"<!-- This site is optimized with the Yoast SEO plugin v26.8 - https:\/\/yoast.com\/product\/yoast-seo-wordpress\/ -->\n<title>Supports &amp; Biblio - Accueil<\/title>\n<meta name=\"robots\" content=\"index, follow, max-snippet:-1, max-image-preview:large, max-video-preview:-1\" \/>\n<link rel=\"canonical\" href=\"https:\/\/coldcuts.fr\/?page_id=200\" \/>\n<meta property=\"og:locale\" content=\"fr_FR\" \/>\n<meta property=\"og:type\" content=\"article\" \/>\n<meta property=\"og:title\" content=\"Supports &amp; Biblio - Accueil\" \/>\n<meta property=\"og:description\" content=\"Supports p\u00e9dagogiques FNACAV M\u00e9mo de vie T\u00e9l\u00e9charger\u00a0Support-pre\u0301vention-Cold Cuts Bibliographie (non-exaustive) Essai&#8211; \u00ab Sp\u00e9cificit\u00e9 des traumatismes intentionnels \u00bb in Psychopathologie des violences collectives de Fran\u00e7oise Sironi \u2013 \u00c9d. Odile Jacob&#8211; Pourquoi suis-je rest\u00e9.e? De Anne-Clotilde Zi\u00e9gler &#8211; \u00c9d. Pocket&#8211; Les victimes de pervers narcissique, gu\u00e9rir du traumatisme (r\u00e9cits et t\u00e9moignages) \u2013 Christine Calonne &#8211; \u00c9d. Ellipses&#8211; [&hellip;]\" \/>\n<meta property=\"og:url\" content=\"https:\/\/coldcuts.fr\/?page_id=200\" \/>\n<meta property=\"og:site_name\" content=\"Accueil\" \/>\n<meta property=\"article:modified_time\" content=\"2026-01-26T09:01:55+00:00\" \/>\n<meta property=\"og:image\" content=\"https:\/\/coldcuts.fr\/wp-content\/uploads\/2026\/01\/FNACAV-affiche-08-019-019-11-2023-150x150.jpg\" \/>\n<meta name=\"twitter:card\" content=\"summary_large_image\" \/>\n<meta name=\"twitter:label1\" content=\"Dur\u00e9e de lecture estim\u00e9e\" \/>\n\t<meta name=\"twitter:data1\" content=\"3 minutes\" \/>\n<script type=\"application\/ld+json\" class=\"yoast-schema-graph\">{\"@context\":\"https:\/\/schema.org\",\"@graph\":[{\"@type\":\"WebPage\",\"@id\":\"https:\/\/coldcuts.fr\/?page_id=200\",\"url\":\"https:\/\/coldcuts.fr\/?page_id=200\",\"name\":\"Supports & Biblio - Accueil\",\"isPartOf\":{\"@id\":\"https:\/\/coldcuts.fr\/#website\"},\"primaryImageOfPage\":{\"@id\":\"https:\/\/coldcuts.fr\/?page_id=200#primaryimage\"},\"image\":{\"@id\":\"https:\/\/coldcuts.fr\/?page_id=200#primaryimage\"},\"thumbnailUrl\":\"https:\/\/coldcuts.fr\/wp-content\/uploads\/2026\/01\/FNACAV-affiche-08-019-019-11-2023-150x150.jpg\",\"datePublished\":\"2025-11-27T10:58:35+00:00\",\"dateModified\":\"2026-01-26T09:01:55+00:00\",\"breadcrumb\":{\"@id\":\"https:\/\/coldcuts.fr\/?page_id=200#breadcrumb\"},\"inLanguage\":\"fr-FR\",\"potentialAction\":[{\"@type\":\"ReadAction\",\"target\":[\"https:\/\/coldcuts.fr\/?page_id=200\"]}]},{\"@type\":\"ImageObject\",\"inLanguage\":\"fr-FR\",\"@id\":\"https:\/\/coldcuts.fr\/?page_id=200#primaryimage\",\"url\":\"https:\/\/coldcuts.fr\/wp-content\/uploads\/2026\/01\/FNACAV-affiche-08-019-019-11-2023.jpg\",\"contentUrl\":\"https:\/\/coldcuts.fr\/wp-content\/uploads\/2026\/01\/FNACAV-affiche-08-019-019-11-2023.jpg\",\"width\":826,\"height\":1169,\"caption\":\"FNACAV\"},{\"@type\":\"BreadcrumbList\",\"@id\":\"https:\/\/coldcuts.fr\/?page_id=200#breadcrumb\",\"itemListElement\":[{\"@type\":\"ListItem\",\"position\":1,\"name\":\"Accueil\",\"item\":\"https:\/\/coldcuts.fr\/\"},{\"@type\":\"ListItem\",\"position\":2,\"name\":\"Supports &#038; Biblio\"}]},{\"@type\":\"WebSite\",\"@id\":\"https:\/\/coldcuts.fr\/#website\",\"url\":\"https:\/\/coldcuts.fr\/\",\"name\":\"Cold Cuts\",\"description\":\"\",\"publisher\":{\"@id\":\"https:\/\/coldcuts.fr\/#organization\"},\"potentialAction\":[{\"@type\":\"SearchAction\",\"target\":{\"@type\":\"EntryPoint\",\"urlTemplate\":\"https:\/\/coldcuts.fr\/?s={search_term_string}\"},\"query-input\":{\"@type\":\"PropertyValueSpecification\",\"valueRequired\":true,\"valueName\":\"search_term_string\"}}],\"inLanguage\":\"fr-FR\"},{\"@type\":\"Organization\",\"@id\":\"https:\/\/coldcuts.fr\/#organization\",\"name\":\"Cold Cuts\",\"url\":\"https:\/\/coldcuts.fr\/\",\"logo\":{\"@type\":\"ImageObject\",\"inLanguage\":\"fr-FR\",\"@id\":\"https:\/\/coldcuts.fr\/#\/schema\/logo\/image\/\",\"url\":\"https:\/\/coldcuts.fr\/wp-content\/uploads\/2026\/02\/cropped-COLDCUTS-260106-A4-WEB.jpg\",\"contentUrl\":\"https:\/\/coldcuts.fr\/wp-content\/uploads\/2026\/02\/cropped-COLDCUTS-260106-A4-WEB.jpg\",\"width\":1409,\"height\":1425,\"caption\":\"Cold Cuts\"},\"image\":{\"@id\":\"https:\/\/coldcuts.fr\/#\/schema\/logo\/image\/\"}}]}<\/script>\n<!-- \/ Yoast SEO plugin. -->","yoast_head_json":{"title":"Supports & Biblio - Accueil","robots":{"index":"index","follow":"follow","max-snippet":"max-snippet:-1","max-image-preview":"max-image-preview:large","max-video-preview":"max-video-preview:-1"},"canonical":"https:\/\/coldcuts.fr\/?page_id=200","og_locale":"fr_FR","og_type":"article","og_title":"Supports & Biblio - Accueil","og_description":"Supports p\u00e9dagogiques FNACAV M\u00e9mo de vie T\u00e9l\u00e9charger\u00a0Support-pre\u0301vention-Cold Cuts Bibliographie (non-exaustive) Essai&#8211; \u00ab Sp\u00e9cificit\u00e9 des traumatismes intentionnels \u00bb in Psychopathologie des violences collectives de Fran\u00e7oise Sironi \u2013 \u00c9d. Odile Jacob&#8211; Pourquoi suis-je rest\u00e9.e? De Anne-Clotilde Zi\u00e9gler &#8211; \u00c9d. Pocket&#8211; Les victimes de pervers narcissique, gu\u00e9rir du traumatisme (r\u00e9cits et t\u00e9moignages) \u2013 Christine Calonne &#8211; \u00c9d. Ellipses&#8211; [&hellip;]","og_url":"https:\/\/coldcuts.fr\/?page_id=200","og_site_name":"Accueil","article_modified_time":"2026-01-26T09:01:55+00:00","og_image":[{"url":"https:\/\/coldcuts.fr\/wp-content\/uploads\/2026\/01\/FNACAV-affiche-08-019-019-11-2023-150x150.jpg","type":"","width":"","height":""}],"twitter_card":"summary_large_image","twitter_misc":{"Dur\u00e9e de lecture estim\u00e9e":"3 minutes"},"schema":{"@context":"https:\/\/schema.org","@graph":[{"@type":"WebPage","@id":"https:\/\/coldcuts.fr\/?page_id=200","url":"https:\/\/coldcuts.fr\/?page_id=200","name":"Supports & Biblio - Accueil","isPartOf":{"@id":"https:\/\/coldcuts.fr\/#website"},"primaryImageOfPage":{"@id":"https:\/\/coldcuts.fr\/?page_id=200#primaryimage"},"image":{"@id":"https:\/\/coldcuts.fr\/?page_id=200#primaryimage"},"thumbnailUrl":"https:\/\/coldcuts.fr\/wp-content\/uploads\/2026\/01\/FNACAV-affiche-08-019-019-11-2023-150x150.jpg","datePublished":"2025-11-27T10:58:35+00:00","dateModified":"2026-01-26T09:01:55+00:00","breadcrumb":{"@id":"https:\/\/coldcuts.fr\/?page_id=200#breadcrumb"},"inLanguage":"fr-FR","potentialAction":[{"@type":"ReadAction","target":["https:\/\/coldcuts.fr\/?page_id=200"]}]},{"@type":"ImageObject","inLanguage":"fr-FR","@id":"https:\/\/coldcuts.fr\/?page_id=200#primaryimage","url":"https:\/\/coldcuts.fr\/wp-content\/uploads\/2026\/01\/FNACAV-affiche-08-019-019-11-2023.jpg","contentUrl":"https:\/\/coldcuts.fr\/wp-content\/uploads\/2026\/01\/FNACAV-affiche-08-019-019-11-2023.jpg","width":826,"height":1169,"caption":"FNACAV"},{"@type":"BreadcrumbList","@id":"https:\/\/coldcuts.fr\/?page_id=200#breadcrumb","itemListElement":[{"@type":"ListItem","position":1,"name":"Accueil","item":"https:\/\/coldcuts.fr\/"},{"@type":"ListItem","position":2,"name":"Supports &#038; Biblio"}]},{"@type":"WebSite","@id":"https:\/\/coldcuts.fr\/#website","url":"https:\/\/coldcuts.fr\/","name":"Cold Cuts","description":"","publisher":{"@id":"https:\/\/coldcuts.fr\/#organization"},"potentialAction":[{"@type":"SearchAction","target":{"@type":"EntryPoint","urlTemplate":"https:\/\/coldcuts.fr\/?s={search_term_string}"},"query-input":{"@type":"PropertyValueSpecification","valueRequired":true,"valueName":"search_term_string"}}],"inLanguage":"fr-FR"},{"@type":"Organization","@id":"https:\/\/coldcuts.fr\/#organization","name":"Cold Cuts","url":"https:\/\/coldcuts.fr\/","logo":{"@type":"ImageObject","inLanguage":"fr-FR","@id":"https:\/\/coldcuts.fr\/#\/schema\/logo\/image\/","url":"https:\/\/coldcuts.fr\/wp-content\/uploads\/2026\/02\/cropped-COLDCUTS-260106-A4-WEB.jpg","contentUrl":"https:\/\/coldcuts.fr\/wp-content\/uploads\/2026\/02\/cropped-COLDCUTS-260106-A4-WEB.jpg","width":1409,"height":1425,"caption":"Cold Cuts"},"image":{"@id":"https:\/\/coldcuts.fr\/#\/schema\/logo\/image\/"}}]}},"_links":{"self":[{"href":"https:\/\/coldcuts.fr\/index.php?rest_route=\/wp\/v2\/pages\/200","targetHints":{"allow":["GET"]}}],"collection":[{"href":"https:\/\/coldcuts.fr\/index.php?rest_route=\/wp\/v2\/pages"}],"about":[{"href":"https:\/\/coldcuts.fr\/index.php?rest_route=\/wp\/v2\/types\/page"}],"author":[{"embeddable":true,"href":"https:\/\/coldcuts.fr\/index.php?rest_route=\/wp\/v2\/users\/1"}],"replies":[{"embeddable":true,"href":"https:\/\/coldcuts.fr\/index.php?rest_route=%2Fwp%2Fv2%2Fcomments&post=200"}],"version-history":[{"count":62,"href":"https:\/\/coldcuts.fr\/index.php?rest_route=\/wp\/v2\/pages\/200\/revisions"}],"predecessor-version":[{"id":453,"href":"https:\/\/coldcuts.fr\/index.php?rest_route=\/wp\/v2\/pages\/200\/revisions\/453"}],"wp:attachment":[{"href":"https:\/\/coldcuts.fr\/index.php?rest_route=%2Fwp%2Fv2%2Fmedia&parent=200"}],"curies":[{"name":"wp","href":"https:\/\/api.w.org\/{rel}","templated":true}]}}