{"id":97,"date":"2025-11-26T15:44:23","date_gmt":"2025-11-26T15:44:23","guid":{"rendered":"https:\/\/coldcuts.fr\/?page_id=97"},"modified":"2025-11-26T15:49:12","modified_gmt":"2025-11-26T15:49:12","slug":"bio-regis","status":"publish","type":"page","link":"https:\/\/coldcuts.fr\/?page_id=97","title":{"rendered":"Bio R\u00e9gis"},"content":{"rendered":"\t\t<div data-elementor-type=\"wp-page\" data-elementor-id=\"97\" class=\"elementor elementor-97\">\n\t\t\t\t<div class=\"elementor-element elementor-element-a78808a e-flex e-con-boxed e-con e-parent\" data-id=\"a78808a\" data-element_type=\"container\">\n\t\t\t\t\t<div class=\"e-con-inner\">\n\t\t\t\t<div class=\"elementor-element elementor-element-1cd7b4f elementor-widget elementor-widget-image\" data-id=\"1cd7b4f\" data-element_type=\"widget\" data-widget_type=\"image.default\">\n\t\t\t\t\t\t\t\t\t\t\t\t\t\t\t<img decoding=\"async\" width=\"150\" height=\"150\" src=\"https:\/\/coldcuts.fr\/wp-content\/uploads\/2025\/11\/Lux_Regis\u00a9F.PasseriniTabula-Rasa-150x150.jpg\" class=\"attachment-thumbnail size-thumbnail wp-image-37\" alt=\"\" \/>\t\t\t\t\t\t\t\t\t\t\t\t\t\t\t<\/div>\n\t\t\t\t\t<\/div>\n\t\t\t\t<\/div>\n\t\t<div class=\"elementor-element elementor-element-e611c6c e-flex e-con-boxed e-con e-parent\" data-id=\"e611c6c\" data-element_type=\"container\">\n\t\t\t\t\t<div class=\"e-con-inner\">\n\t\t\t\t<div class=\"elementor-element elementor-element-4b670ba elementor-widget elementor-widget-text-editor\" data-id=\"4b670ba\" data-element_type=\"widget\" data-widget_type=\"text-editor.default\">\n\t\t\t\t\t\t\t\t\t<p>R\u00c9GIS LUX est un com\u00e9dien form\u00e9 au Conservatoire d\u2019Art Dramatique de Bordeaux puis \u00e0 \u00ab l\u2019Atelier volant \u00bb au Th\u00e9\u00e2tre National de Toulouse sous la direction de Jacques Nichet. Il joue dans plusieurs productions \u00ab maison \u00bb dont Le Tartuffe mis en sc\u00e8ne par Claude Duparfait.<br \/>Ces ann\u00e9es de formation l\u2019am\u00e8ne vers le th\u00e9\u00e2tre classique. Il joue sous la direction de Guillaume Delaveau dans Philoct\u00e8te de Sophocle, Iphig\u00e9nie d\u2019Euripide, Prom\u00e9th\u00e9e d\u2019Eschyle, La vie est un songe de Cald\u00e9ron.<\/p><p>A partir de 2010 il d\u00e9couvre le th\u00e9\u00e2tre \u00c9lisab\u00e9thain : Il joue dans Massacre \u00e0 Paris de Marlowe, mis en sc\u00e8ne par G. Delaveau et encha\u00eene avec Macbeth puis Le songe d\u2019une nuit d\u2019\u00e9t\u00e9 de Shakespeare, deux spectacles mis en sc\u00e8ne par Laurent Pelly, directeur du Th\u00e9\u00e2tre de la Cit\u00e9. Il joue dans 6 spectacles<br \/>sous sa direction, dont L\u2019oiseau vert de Carol Gozzi. Il retrouve Shakespeare au th\u00e9\u00e2tre de l\u2019Od\u00e9on et au CDN de Besan\u00e7on dans Antoine et Cl\u00e9op\u00e2tre mis en sc\u00e8ne par C\u00e9lie Pauthe en 2021.<\/p><p>Du c\u00f4t\u00e9 du th\u00e9\u00e2tre contemporain, il d\u00e9marre sous la direction de Fr\u00e9d\u00e9ric Maragnani et Philippe Mignana qui cr\u00e9ent Le couloir \u00e0 Th\u00e9\u00e2tre Ouvert. Suit la rencontre avec Marion Aubert et Marion Guerrero pour Orgie<br \/>nuptiale cr\u00e9e au 13 vents de Montpellier. Avec S\u00e9bastien Bournac il d\u00e9couvre Jean-Luc Lagarce avec Music Hall, ainsi que Daniel Keane dans Dreamers. Il sera Monsieur Smith dans La cantatrice chauve mis en sc\u00e8ne par Laurent Pelly et le p\u00e8re dans Prince Lepetit mis en sc\u00e8ne par Lou Broquin.<br \/>Fr\u00e9d\u00e9ric Sonntag lui propose la cr\u00e9ation de L\u2019enfant Oc\u00e9an adapt\u00e9 du roman de J-C Mourlevat qu\u2019ils tournent partout en France depuis plus de 4 ans.<br \/>A partir de 2023, il s\u2019int\u00e9resse \u00e0 l\u2019\u00e9criture de plateau gr\u00e2ce \u00e0 une proposition du ByCollectif. Ensemble ils cr\u00e9ent Gr\u00e9gory pour Avignon. Il y rencontre Amandine du Rivau avec qui il d\u00e9cide de mettre en sc\u00e8ne le texte Cold Cuts de Linda Mc Lean.<\/p><p>Dipl\u00f4m\u00e9 d\u2019\u00c9tat &#8211; enseignement du th\u00e9\u00e2tre, il a travaill\u00e9 aupr\u00e8s des \u00e9l\u00e8ves d\u2019 hypokh\u00e2gne des lyc\u00e9es Fermat et St Sernin de Toulouse et pendant 3 ans en option th\u00e9\u00e2tre au Lyc\u00e9e Marie Curie de Tarbes. Il m\u00e8ne depuis quinze ans de nombreux projets p\u00e9dagogiques avec le Th\u00e9\u00e2tre de la Cit\u00e9 de Toulouse, et organise d\u2019autres interventions dans diff\u00e9rents lyc\u00e9es et coll\u00e8ges en Occitanie.<\/p><p>Sa passion pour le th\u00e9\u00e2tre contemporain l\u2019am\u00e8ne \u00e9galement depuis plusieurs ann\u00e9es \u00e0 participer au travail de s\u00e9lection du comit\u00e9 de lecture \u00ab Collisions \u00bb qui met en avant les \u00e9critures dramatiques nouvelles. C\u2019est au sein de ce comit\u00e9 qu\u2019il d\u00e9couvre la maison d\u2019\u00e9dition P\u00f4ticha qui \u00e9dite Cold cuts, un texte qui le bouleverse et r\u00e9v\u00e8le l\u2019envie de monter lui-m\u00eame ses projets.<\/p>\t\t\t\t\t\t\t\t<\/div>\n\t\t\t\t\t<\/div>\n\t\t\t\t<\/div>\n\t\t\t\t<\/div>\n\t\t","protected":false},"excerpt":{"rendered":"<p>R\u00c9GIS LUX est un com\u00e9dien form\u00e9 au Conservatoire d\u2019Art Dramatique de Bordeaux puis \u00e0 \u00ab l\u2019Atelier volant \u00bb au Th\u00e9\u00e2tre National de Toulouse sous la direction de Jacques Nichet. Il joue dans plusieurs productions \u00ab maison \u00bb dont Le Tartuffe mis en sc\u00e8ne par Claude Duparfait.Ces ann\u00e9es de formation l\u2019am\u00e8ne vers le th\u00e9\u00e2tre classique. Il [&hellip;]<\/p>\n","protected":false},"author":1,"featured_media":0,"parent":0,"menu_order":0,"comment_status":"closed","ping_status":"closed","template":"","meta":{"footnotes":""},"class_list":["post-97","page","type-page","status-publish","hentry"],"yoast_head":"<!-- This site is optimized with the Yoast SEO plugin v26.8 - https:\/\/yoast.com\/product\/yoast-seo-wordpress\/ -->\n<title>Bio R\u00e9gis - Accueil<\/title>\n<meta name=\"robots\" content=\"index, follow, max-snippet:-1, max-image-preview:large, max-video-preview:-1\" \/>\n<link rel=\"canonical\" href=\"https:\/\/coldcuts.fr\/?page_id=97\" \/>\n<meta property=\"og:locale\" content=\"fr_FR\" \/>\n<meta property=\"og:type\" content=\"article\" \/>\n<meta property=\"og:title\" content=\"Bio R\u00e9gis - Accueil\" \/>\n<meta property=\"og:description\" content=\"R\u00c9GIS LUX est un com\u00e9dien form\u00e9 au Conservatoire d\u2019Art Dramatique de Bordeaux puis \u00e0 \u00ab l\u2019Atelier volant \u00bb au Th\u00e9\u00e2tre National de Toulouse sous la direction de Jacques Nichet. Il joue dans plusieurs productions \u00ab maison \u00bb dont Le Tartuffe mis en sc\u00e8ne par Claude Duparfait.Ces ann\u00e9es de formation l\u2019am\u00e8ne vers le th\u00e9\u00e2tre classique. Il [&hellip;]\" \/>\n<meta property=\"og:url\" content=\"https:\/\/coldcuts.fr\/?page_id=97\" \/>\n<meta property=\"og:site_name\" content=\"Accueil\" \/>\n<meta property=\"article:modified_time\" content=\"2025-11-26T15:49:12+00:00\" \/>\n<meta name=\"twitter:card\" content=\"summary_large_image\" \/>\n<meta name=\"twitter:label1\" content=\"Dur\u00e9e de lecture estim\u00e9e\" \/>\n\t<meta name=\"twitter:data1\" content=\"3 minutes\" \/>\n<script type=\"application\/ld+json\" class=\"yoast-schema-graph\">{\"@context\":\"https:\/\/schema.org\",\"@graph\":[{\"@type\":\"WebPage\",\"@id\":\"https:\/\/coldcuts.fr\/?page_id=97\",\"url\":\"https:\/\/coldcuts.fr\/?page_id=97\",\"name\":\"Bio R\u00e9gis - Accueil\",\"isPartOf\":{\"@id\":\"https:\/\/coldcuts.fr\/#website\"},\"datePublished\":\"2025-11-26T15:44:23+00:00\",\"dateModified\":\"2025-11-26T15:49:12+00:00\",\"breadcrumb\":{\"@id\":\"https:\/\/coldcuts.fr\/?page_id=97#breadcrumb\"},\"inLanguage\":\"fr-FR\",\"potentialAction\":[{\"@type\":\"ReadAction\",\"target\":[\"https:\/\/coldcuts.fr\/?page_id=97\"]}]},{\"@type\":\"BreadcrumbList\",\"@id\":\"https:\/\/coldcuts.fr\/?page_id=97#breadcrumb\",\"itemListElement\":[{\"@type\":\"ListItem\",\"position\":1,\"name\":\"Accueil\",\"item\":\"https:\/\/coldcuts.fr\/\"},{\"@type\":\"ListItem\",\"position\":2,\"name\":\"Bio R\u00e9gis\"}]},{\"@type\":\"WebSite\",\"@id\":\"https:\/\/coldcuts.fr\/#website\",\"url\":\"https:\/\/coldcuts.fr\/\",\"name\":\"Cold Cuts\",\"description\":\"\",\"publisher\":{\"@id\":\"https:\/\/coldcuts.fr\/#organization\"},\"potentialAction\":[{\"@type\":\"SearchAction\",\"target\":{\"@type\":\"EntryPoint\",\"urlTemplate\":\"https:\/\/coldcuts.fr\/?s={search_term_string}\"},\"query-input\":{\"@type\":\"PropertyValueSpecification\",\"valueRequired\":true,\"valueName\":\"search_term_string\"}}],\"inLanguage\":\"fr-FR\"},{\"@type\":\"Organization\",\"@id\":\"https:\/\/coldcuts.fr\/#organization\",\"name\":\"Cold Cuts\",\"url\":\"https:\/\/coldcuts.fr\/\",\"logo\":{\"@type\":\"ImageObject\",\"inLanguage\":\"fr-FR\",\"@id\":\"https:\/\/coldcuts.fr\/#\/schema\/logo\/image\/\",\"url\":\"https:\/\/coldcuts.fr\/wp-content\/uploads\/2026\/02\/cropped-COLDCUTS-260106-A4-WEB.jpg\",\"contentUrl\":\"https:\/\/coldcuts.fr\/wp-content\/uploads\/2026\/02\/cropped-COLDCUTS-260106-A4-WEB.jpg\",\"width\":1409,\"height\":1425,\"caption\":\"Cold Cuts\"},\"image\":{\"@id\":\"https:\/\/coldcuts.fr\/#\/schema\/logo\/image\/\"}}]}<\/script>\n<!-- \/ Yoast SEO plugin. -->","yoast_head_json":{"title":"Bio R\u00e9gis - Accueil","robots":{"index":"index","follow":"follow","max-snippet":"max-snippet:-1","max-image-preview":"max-image-preview:large","max-video-preview":"max-video-preview:-1"},"canonical":"https:\/\/coldcuts.fr\/?page_id=97","og_locale":"fr_FR","og_type":"article","og_title":"Bio R\u00e9gis - Accueil","og_description":"R\u00c9GIS LUX est un com\u00e9dien form\u00e9 au Conservatoire d\u2019Art Dramatique de Bordeaux puis \u00e0 \u00ab l\u2019Atelier volant \u00bb au Th\u00e9\u00e2tre National de Toulouse sous la direction de Jacques Nichet. Il joue dans plusieurs productions \u00ab maison \u00bb dont Le Tartuffe mis en sc\u00e8ne par Claude Duparfait.Ces ann\u00e9es de formation l\u2019am\u00e8ne vers le th\u00e9\u00e2tre classique. Il [&hellip;]","og_url":"https:\/\/coldcuts.fr\/?page_id=97","og_site_name":"Accueil","article_modified_time":"2025-11-26T15:49:12+00:00","twitter_card":"summary_large_image","twitter_misc":{"Dur\u00e9e de lecture estim\u00e9e":"3 minutes"},"schema":{"@context":"https:\/\/schema.org","@graph":[{"@type":"WebPage","@id":"https:\/\/coldcuts.fr\/?page_id=97","url":"https:\/\/coldcuts.fr\/?page_id=97","name":"Bio R\u00e9gis - Accueil","isPartOf":{"@id":"https:\/\/coldcuts.fr\/#website"},"datePublished":"2025-11-26T15:44:23+00:00","dateModified":"2025-11-26T15:49:12+00:00","breadcrumb":{"@id":"https:\/\/coldcuts.fr\/?page_id=97#breadcrumb"},"inLanguage":"fr-FR","potentialAction":[{"@type":"ReadAction","target":["https:\/\/coldcuts.fr\/?page_id=97"]}]},{"@type":"BreadcrumbList","@id":"https:\/\/coldcuts.fr\/?page_id=97#breadcrumb","itemListElement":[{"@type":"ListItem","position":1,"name":"Accueil","item":"https:\/\/coldcuts.fr\/"},{"@type":"ListItem","position":2,"name":"Bio R\u00e9gis"}]},{"@type":"WebSite","@id":"https:\/\/coldcuts.fr\/#website","url":"https:\/\/coldcuts.fr\/","name":"Cold Cuts","description":"","publisher":{"@id":"https:\/\/coldcuts.fr\/#organization"},"potentialAction":[{"@type":"SearchAction","target":{"@type":"EntryPoint","urlTemplate":"https:\/\/coldcuts.fr\/?s={search_term_string}"},"query-input":{"@type":"PropertyValueSpecification","valueRequired":true,"valueName":"search_term_string"}}],"inLanguage":"fr-FR"},{"@type":"Organization","@id":"https:\/\/coldcuts.fr\/#organization","name":"Cold Cuts","url":"https:\/\/coldcuts.fr\/","logo":{"@type":"ImageObject","inLanguage":"fr-FR","@id":"https:\/\/coldcuts.fr\/#\/schema\/logo\/image\/","url":"https:\/\/coldcuts.fr\/wp-content\/uploads\/2026\/02\/cropped-COLDCUTS-260106-A4-WEB.jpg","contentUrl":"https:\/\/coldcuts.fr\/wp-content\/uploads\/2026\/02\/cropped-COLDCUTS-260106-A4-WEB.jpg","width":1409,"height":1425,"caption":"Cold Cuts"},"image":{"@id":"https:\/\/coldcuts.fr\/#\/schema\/logo\/image\/"}}]}},"_links":{"self":[{"href":"https:\/\/coldcuts.fr\/index.php?rest_route=\/wp\/v2\/pages\/97","targetHints":{"allow":["GET"]}}],"collection":[{"href":"https:\/\/coldcuts.fr\/index.php?rest_route=\/wp\/v2\/pages"}],"about":[{"href":"https:\/\/coldcuts.fr\/index.php?rest_route=\/wp\/v2\/types\/page"}],"author":[{"embeddable":true,"href":"https:\/\/coldcuts.fr\/index.php?rest_route=\/wp\/v2\/users\/1"}],"replies":[{"embeddable":true,"href":"https:\/\/coldcuts.fr\/index.php?rest_route=%2Fwp%2Fv2%2Fcomments&post=97"}],"version-history":[{"count":4,"href":"https:\/\/coldcuts.fr\/index.php?rest_route=\/wp\/v2\/pages\/97\/revisions"}],"predecessor-version":[{"id":101,"href":"https:\/\/coldcuts.fr\/index.php?rest_route=\/wp\/v2\/pages\/97\/revisions\/101"}],"wp:attachment":[{"href":"https:\/\/coldcuts.fr\/index.php?rest_route=%2Fwp%2Fv2%2Fmedia&parent=97"}],"curies":[{"name":"wp","href":"https:\/\/api.w.org\/{rel}","templated":true}]}}